s the greatest common factor of 11583 and 361647?
1287
Calculate the highest common divisor of 2796 and 3336.
12
Calculate the highest common divisor of 45916 and 104.
52
What is the highest common divisor of 180 and 792276?
12
Calculate the highest common divisor of 1014 and 1375660.
338
What is the highest common divisor of 90817 and 461?
461
Calculate the greatest common factor of 2332 and 52.
4
Calculate the greatest common divisor of 270 and 544320.
270
What is the highest common divisor of 23 and 3975757?
23
Calculate the highest common factor of 312 and 163566.
78
What is the greatest common divisor of 232408 and 139?
139
Calculate the highest common divisor of 15085 and 175.
35
Calculate the greatest common factor of 71953 and 1623.
541
What is the greatest common factor of 232 and 18488?
8
What is the highest common factor of 91590 and 109650?
1290
Calculate the highest common divisor of 383700 and 600.
300
Calculate the greatest common divisor of 1280 and 7900.
20
What is the highest common factor of 11920163 and 57?
19
What is the greatest common factor of 126 and 678366?
18
What is the greatest common factor of 515 and 108562?
103
Calculate the greatest common divisor of 326 and 31459.
163
What is the greatest common divisor of 7955 and 5805?
215
Calculate the highest common factor of 1645943 and 13.
13
Calculate the highest common divisor of 427791 and 1365.
273
Calculate the highest common factor of 56 and 1006705.
7
What is the greatest common divisor of 9154 and 115?
23
What is the highest common factor of 17596 and 12284?
332
What is the greatest common divisor of 20 and 73940?
20
Calculate the highest common factor of 240536 and 2568.
856
What is the highest common divisor of 11022 and 1573?
11
What is the highest common divisor of 7440 and 24990?
30
What is the highest common divisor of 16531 and 4878?
271
Calculate the highest common factor of 261 and 11107.
29
What is the highest common factor of 248216 and 304?
152
What is the greatest common divisor of 15675 and 814?
11
What is the highest common divisor of 15050 and 3311?
301
What is the greatest common factor of 1700 and 1819?
17
Calculate the highest common factor of 264 and 89496.
264
Calculate the highest common factor of 114 and 15234.
6
What is the highest common divisor of 4367 and 297?
11
What is the greatest common divisor of 7857 and 621?
27
What is the highest common factor of 80696 and 6026?
262
Calculate the greatest common divisor of 820 and 3120.
20
What is the greatest common factor of 1331 and 4477?
121
Calculate the greatest common divisor of 2175 and 5365.
145
What is the highest common divisor of 24 and 44472?
24
What is the highest common divisor of 407150 and 34850?
850
Calculate the greatest common divisor of 119 and 129829.
119
What is the highest common divisor of 100 and 1170?
10
What is the greatest common divisor of 356 and 32?
4
What is the greatest common factor of 119639 and 26?
13
What is the highest common factor of 1625 and 34710?
65
What is the greatest common factor of 204 and 93959?
17
Calculate the greatest common divisor of 117823 and 236.
59
What is the highest common factor of 24 and 65784?
24
Calculate the highest common divisor of 372 and 59613.
93
Calculate the greatest common factor of 533 and 109306.
41
Calculate the greatest common factor of 255 and 206601.
51
What is the greatest common factor of 3283266 and 84?
42
What is the highest common divisor of 788 and 519292?
788
What is the highest common divisor of 2321 and 33?
11
What is the greatest common divisor of 7 and 1071567?
7
What is the highest common divisor of 16788 and 324?
12
Calculate the greatest common divisor of 871 and 20384.
13
What is the greatest common divisor of 130830 and 3382?
178
What is the highest common factor of 14963240 and 10?
10
What is the greatest common factor of 550 and 18205?
55
What is the highest common factor of 438 and 64094?
146
Calculate the greatest common factor of 10224 and 6768.
144
What is the greatest common factor of 437 and 14957199?
437
Calculate the greatest common factor of 6256 and 69184.
368
What is the highest common factor of 36764 and 364?
364
What is the greatest common factor of 49168 and 126?
14
Calculate the greatest common factor of 180915 and 2100.
105
Calculate the greatest common factor of 19905 and 705.
15
Calculate the highest common divisor of 985439 and 22984.
2873
What is the highest common factor of 546 and 2275?
91
What is the highest common divisor of 15220 and 100?
20
What is the highest common divisor of 30600 and 620?
20
Calculate the greatest common divisor of 288 and 9288.
72
What is the greatest common factor of 52 and 291213?
13
Calculate the greatest common divisor of 27 and 1071981.
27
What is the greatest common factor of 4898 and 60672?
158
Calculate the highest common factor of 24 and 123000.
24
What is the highest common divisor of 105 and 847805?
35
Calculate the highest common factor of 182401 and 537.
179
What is the greatest common divisor of 459 and 22131?
9
What is the greatest common divisor of 566012 and 284?
284
What is the greatest common divisor of 27 and 686853?
27
Calculate the greatest common factor of 1255 and 914895.
1255
What is the highest common divisor of 49 and 239561?
49
What is the highest common factor of 2688 and 9072?
336
What is the highest common factor of 2415 and 301?
7
What is the greatest common factor of 88 and 18271?
11
What is the highest common divisor of 23784 and 120?
24
Calculate the highest common factor of 8 and 3226400.
8
What is the highest common factor of 2796 and 608596?
932
Calculate the highest common factor of 900 and 12888.
36
What is the greatest common factor of 1568 and 112553?
49
What is the greatest common divisor of 570687 and 104?
13
Calculate the greatest common divisor of 308 and 781.
11
What is the highest common divisor of 3542 and 2415?
161
What is the highest common divisor of 236056 and 1064?
152
What is the greatest common factor of 938 and 1610?
14
Calculate the greatest common divisor of 2156 and 208054.
1078
What is the greatest common divisor of 1850 and 54686?
74
What is the highest common factor of 34 and 656387?
17
What is the highest common divisor of 55 and 695?
5
What is the greatest common divisor of 120 and 534080?
40
What is the highest common factor of 107337 and 3?
3
What is the highest common factor of 244 and 1222684?
244
What is the highest common divisor of 324 and 496152?
108
Calculate the highest common factor of 3 and 252131.
1
Calculate the highest common factor of 1010533 and 206.
103
What is the highest common factor of 22372 and 34867?
119
What is the highest common factor of 1 and 898879?
1
Calculate the highest common divisor of 525 and 912135.
105
Calculate the highest common factor of 1131090 and 105.
15
What is the greatest common factor of 294385 and 647?
647
Calculate the highest common divisor of 95909 and 319.
11
What is the highest common divisor of 3744698 and 86?
86
What is the greatest common divisor of 37410 and 20?
10
Calculate the greatest common divisor of 4 and 1673.
1
What is the highest common divisor of 353112 and 24?
24
Calculate the greatest common divisor of 607 and 21245.
607
What is the highest common factor of 531 and 3177?
9
Calculate the greatest common divisor of 320875 and 340.
85
Calculate the greatest common factor of 33217 and 59678.
563
Calculate the highest common factor of 92 and 1725.
23
Calculate the greatest common factor of 61281 and 6190.
619
What is the greatest common divisor of 190 and 465690?
190
Calculate the greatest common divisor of 87 and 23519.
29
What is the greatest common factor of 31078 and 902?
82
Calculate the greatest common factor of 1694 and 1650572.
154
Calculate the greatest common divisor of 1290 and 2190.
30
What is the highest common factor of 6958 and 6370?
98
Calculate the greatest common divisor of 3875 and 1116.
31
What is the highest common factor of 8 and 2456?
8
Calculate the highest common factor of 616890 and 210.
30
Calculate the highest common divisor of 1040 and 213040.
80
Calculate the greatest common factor of 114 and 1279764.
114
What is the highest common divisor of 216 and 6642?
54
What is the greatest common fact